{"id":119,"date":"2021-12-18T19:04:14","date_gmt":"2021-12-18T19:04:14","guid":{"rendered":"https:\/\/www.carneregia.com\/portal\/?post_type=product&#038;p=119"},"modified":"2026-02-15T17:23:29","modified_gmt":"2026-02-15T17:23:29","slug":"costilla-rib-eye-1-kg","status":"publish","type":"product","link":"https:\/\/www.carneregia.com\/portal\/?product=costilla-rib-eye-1-kg","title":{"rendered":"Costilla Short Rib Ramos \/Kg."},"content":{"rendered":"<p>El protagonista de tu pr\u00f3xima parrillada ser\u00e1 este costillar acompa\u00f1ado de tus aderezos preferidos. Salpimentadas, marinadas o con un \u00abrub\u00bb, ser\u00e1n siempre la mejor opci\u00f3n para disfrutar hasta el hueso.<\/p>\n","protected":false},"excerpt":{"rendered":"<p>El protagonista de tu pr\u00f3xima parrillada ser\u00e1 este costillar acompa\u00f1ado de tus aderezos preferidos. Salpimentadas, marinadas o con un \u00abrub\u00bb, ser\u00e1n siempre la mejor opci\u00f3n para disfrutar hasta el hueso.<\/p>\n","protected":false},"featured_media":120,"comment_status":"open","ping_status":"closed","template":"","meta":[],"product_cat":[15,22],"product_tag":[],"class_list":{"0":"post-119","1":"product","2":"type-product","3":"status-publish","4":"has-post-thumbnail","6":"product_cat-carnes","7":"product_cat-carne-ramos-calidad-reserva","9":"first","10":"outofstock","11":"shipping-taxable","12":"purchasable","13":"product-type-simple"},"jetpack_sharing_enabled":true,"_links":{"self":[{"href":"https:\/\/www.carneregia.com\/portal\/index.php?rest_route=\/wp\/v2\/product\/119","targetHints":{"allow":["GET"]}}],"collection":[{"href":"https:\/\/www.carneregia.com\/portal\/index.php?rest_route=\/wp\/v2\/product"}],"about":[{"href":"https:\/\/www.carneregia.com\/portal\/index.php?rest_route=\/wp\/v2\/types\/product"}],"replies":[{"embeddable":true,"href":"https:\/\/www.carneregia.com\/portal\/index.php?rest_route=%2Fwp%2Fv2%2Fcomments&post=119"}],"wp:featuredmedia":[{"embeddable":true,"href":"https:\/\/www.carneregia.com\/portal\/index.php?rest_route=\/wp\/v2\/media\/120"}],"wp:attachment":[{"href":"https:\/\/www.carneregia.com\/portal\/index.php?rest_route=%2Fwp%2Fv2%2Fmedia&parent=119"}],"wp:term":[{"taxonomy":"product_cat","embeddable":true,"href":"https:\/\/www.carneregia.com\/portal\/index.php?rest_route=%2Fwp%2Fv2%2Fproduct_cat&post=119"},{"taxonomy":"product_tag","embeddable":true,"href":"https:\/\/www.carneregia.com\/portal\/index.php?rest_route=%2Fwp%2Fv2%2Fproduct_tag&post=119"}],"curies":[{"name":"wp","href":"https:\/\/api.w.org\/{rel}","templated":true}]}}